 - 498 + 991. Determine c(-12).
5
Let l(a) = 0 + a**3 - 3 - 13*a**2 + 6*a**2 + a**2 - a. Let x = 7 + -1. Calculate l(x).
-9
Let c be (-2 - (2 + -4))/(-3). Let j(s) = -26*s + c + 19*s + 10*s - 4*s**2 + s**3 - 5. Give j(4).
7
Let n(w) = w**2 + 3*w. Let q be ((-6)/(-12))/(1/86). Let j = q + -47. Determine n(j).
4
Let y = -24 + 29. Let d(u) = -y*u**2 - 6 + 2*u + 8*u - 2*u**2 - u**3 - 3*u. Determine d(-8).
2
Let i(r) = 13 - 34 - 5*r + 13 + 5. Give i(-2).
7
Let g(z) = -6*z**3. Suppose 4*t - 80 = 12. Suppose -4*p = -16, 5*j - 6*p = -4*p - t. Let x = j - -2. Calculate g(x).
6
Let c be (-9)/(-4)*1*8. Let m = 913 + -896. Let y = m - c. Let z(n) = 3*n**2 - n. What is z(y)?
4
Let b(k) be the first derivative of k**4/4 + 14*k**3/3 - 13*k**2/2 + 28*k - 425. What is b(-15)?
-2
Let x be (2/(-7))/(2/(-14)). Let h(o) = 3*o + o**2 - 2 + 2*o - 3*o + x*o. What is h(-4)?
-2
Let o = 529 - 532. Let j(k) = 4*k**2 + k. Let s be j(-1). Let q(d) = -s*d**3 + 4*d**3 + 2*d**2 - 4 + 5 - 4*d. Calculate q(o).
4
Let a = 7 + -4. Let x be a - (31 + (0 - -3)). Let d = x + 35. Let p(m) = m**3 - 5*m**2 + 5*m. Determine p(d).
4
Let k be 4 + 4 + 2 + 0. Let j(l) = -l**2 + 13*l - 29. Calculate j(k).
1
Let f(n) = -n**3 + 3*n**2 - 2*n. Let j be f(3). Let g(l) be the third derivative of l**4/24 + l**3/6 + l**2 + 56. Calculate g(j).
-5
Suppose 3 = -27*j + 111. Let h(q) = -4*q + 10. Calculate h(j).
-6
Let v = -9/5 - -59/30. Let t(g) be the third derivative of -3*g**2 - 1/2*g**3 + 0 - v*g**4 + 0*g - 1/60*g**5. Give t(-5).
-8
Suppose -21 = 5*g - 96. Let j = g - 13. Let r(s) = 2*s - 1. Let t(x) = -x. Let f(c) = -3*r(c) - 5*t(c). Determine f(j).
1
Let q be 3/6*-2*5. Let i = q - 0. Let o(r) = -111*r + 57*r - 2 + 52*r. Determine o(i).
8
Let t(c) = -c**2 + 10*c - 5. Let w(r) = r**3 - 8*r**2 - 9*r + 9. Let u = -62 - -71. Let l be w(u). Calculate t(l).
4
Let j(r) be the second derivative of -r**4/12 + 13*r**3/6 - 8*r**2 - 140*r. Give j(11).
6
Let a(m) = -m**3 + 7*m**2 + 6*m + 12. Suppose -2*x - 5*p = -11, 0 = 2*x + 3*p - 9 - 4. Give a(x).
-4
Let i be ((-2 - -7) + -2)/((-3)/(-2)). Suppose -2*l = -5*l + 36. Let r(c) = -3 + 0 + 13*c**i - 2*c - l*c**2. Calculate r(4).
5
Let z(g) = g**3 - 11*g**2 - 16*g + 46. Let m be z(12). Let l(d) = -3*d - 6. Calculate l(m).
0
Let y(h) = h - 12. Let v(u) be the first derivative of 3*u**2/2 - 36*u + 31. Let b(o) = 4*v(o) - 11*y(o). Give b(5).
-7
Let s(n) = -n**3 - 7*n**2 - n - 1. Let y be s(-7). Let w(o) = 0*o + y*o + 3*o + 2*o. What is w(1)?
11
Let f(c) = 1 - c + c**2 - 18 - 5*c + c. Let l be f(8). Let y(g) = -l + 4*g - 5*g + 6. Give y(-4).
3
Let t(s) = 2*s**3 - 6 + 3*s**2 - s**3 - 4*s**2. Let f(x) = x + 9. Let b be f(-6). Suppose -5*g = 3*g - b*g. Calculate t(g).
-6
Let q(t) = -t**2 - 5*t - 2. Let l(g) = -33*g + 359. Let c be l(11). Determine q(c).
2
Let b(t) = 11*t**3 - t + 6. Let o(n) = -10*n**3 + n - 4. Let h(s) = -2*b(s) - 3*o(s). Let z = 0 + 6. Let y be (-14)/10 - z/(-15). Calculate h(y).
-7
Suppose -22*y + 15 = -19*y - 3*m, -2*y - m = -19. Let f(u) = 2*u - 1. Determine f(y).
15
Let z(f) be the first derivative of -f**3/3 - 3*f**2/2 + 3*f - 114. Suppose l - 3*l - 14 = q, -2 = 3*q - 2*l. Calculate z(q).
-1
Let r be -1*(-3 - (-3 + -1)). Let w(f) be the third derivative of -4*f**2 + 1/6*f**3 + 1/24*f**4 + 0*f + 0. What is w(r)?
0
Let r(q) be the third derivative of 0 + 1/6*q**3 + 0*q**5 + 0*q - 4*q**2 + 1/15*q**6 + 1/12*q**4. What is r(-1)?
-9
Let w be (-5 - -2)/((-6)/10). Suppose -3*k + 8 = -p, 4*k = 4*p - w*p - 1. Let g be ((-7)/7)/(k*-1). Let c(a) = -12*a**2 + a. Give c(g).
-11
Suppose 5*m = 24 - 4. Let x(k) = k**2 - 3*k - 1. Let p be x(m). Suppose -p*z - 2*i = -6*i - 11, 0 = -3*i + 3. Let f(q) = 2*q - 7. What is f(z)?
3
Suppose -10*v = -9*v. Suppose -6*n + n - 5 = v. Let p(d) = -3*d + 1. Determine p(n).
4
Let h be 7/(14/8) + -1. Let c(m) = 6*m - h*m - 3*m + 2*m. Let d(q) = q**3 + 14*q**2 + 13*q - 1. Let u be d(-13). Determine c(u).
-2
Let v(b) = 2*b**2 + 22*b + 59. Let w be v(-6). Let t(m) = -18*m**3 + 2*m**2 + 2*m + 1. Calculate t(w).
19
Let b(s) be the first derivative of 49 - 6*s + 1/4*s**4 - 4/3*s**3 - 5/2*s**2. Give b(5).
-6
Let g = -5 + 5. Suppose u - 5*k + 27 = g, -u + k = -k + 15. Let f(q) be the first derivative of -q**4/4 - 8*q**3/3 - 5*q**2/2 + 10*q + 6. Calculate f(u).
-4
Let z(c) be the third derivative of -c**4/24 + 7*c**3/6 + 4*c**2. Suppose 2*x + x - 2*a = 54, -x + 3*a + 18 = 0. Let w = x - 23. What is z(w)?
12
Let y = -63 - -61. Let f(v) = -4*v**3 - 3*v**2 - 3*v - 3. Give f(y).
23
Suppose 5*n = 3*g + 149, -6*n - 5*g = -2*n - 97. Suppose -3*t + 2*t = -3*r - 11, 4*r - n = -4*t. Let d(o) = o**2 - 8*o - 5. Calculate d(t).
-5
Let t = 6 - 12. Let k(i) be the second derivative of -i**3/6 + i**2/2 + 2*i. What is k(t)?
7
Let o(z) be the third derivative of -1/24*z**4 + 0*z - 1/6*z**3 + 0 - 7*z**2. Determine o(-5).
4
Let r(i) = 5*i**2 + 9*i + 17. Let b(a) = a**2 + a + 2. Let g(s) = 6*b(s) - r(s). Let z be 3/(-9) + 26/6. Determine g(z).
-1
Let p(i) = 2 + 2*i - 3*i + 0*i. Suppose -2*j - 44 = -16. Let y be j/6 - (-11)/33. Determine p(y).
4
Let g(o) be the first derivative of o**2 + 4*o + 2. Suppose 949*c - 956*c - 49 = 0. What is g(c)?
-10
Let y(m) = -2*m - 3. Let c = 5 - 2. Let i(o) = -3*o - 4. Let r(n) = c*i(n) - 4*y(n). Let j(z) = 3*z - 1. Let k(h) = -2*j(h) - 10*r(h). What is k(-2)?
-6
Suppose 0 = -v, -g + 16 = g - 2*v. Let s(a) = -2*a + 12*a - g*a - 3. Give s(4).
5
Let f be -1*(-5)/2*2/(-5). Let w(o) be the first derivative of -9*o**2/2 - o - 1. Give w(f).
8
Suppose 0 = -127*v + 120*v + 42. Let f(z) = -7*z + 26. Determine f(v).
-16
Let m(z) = -z**3 + 12*z**2 + 8. Suppose -26 - 22 = -4*k. Give m(k).
8
Let h(x) = -2*x**3 + 1. Let i(z) = 13*z**3 - 23*z**2 - 2. Let y(k) = 6*h(k) + i(k). Calculate y(23).
4
Let k = 55 + -36. Let a(x) = -15*x - 2*x + k*x - 1. Determine a(-4).
-9
Let h(g) = -g**3 + 6*g**2 - 6*g + 4. Let i be (-2 - 6)*(4 - (-18)/(-4)). Give h(i).
12
Let z(l) = 2 - l**3 + 10 - l - 6*l**2 + 2*l**3 - 2*l**3 - 5. What is z(-3)?
-17
Let f(l) = l**2 + 3*l - 2. Let p be -9 + ((-4)/14 - 46/(-14)). Suppose 0 = 3*m - k - 11, -k = -1 - 0. Let q = p + m. Calculate f(q).
-4
Let r(t) = -t - 5. Suppose -42 = 4*f - 2. Let n be f/(-15)*6/(-4). Let a = n - 3. Calculate r(a).
-1
Let g(t) = -t**3 - t**2 - t - 3. Let c(v) = v**3 + 11*v**2 + v + 2. Let p(u) = -c(u) - 2*g(u). What is p(9)?
13
Let v = 15 - 19. Let i(s) = -21*s + 3*s + 10*s - 5 + 6*s. Give i(v).
3
Let g(j) = -21*j + 1. Let f be g(1). Let n = f - -33. Let b(h) = h - 2*h + 0 - n. Give b(-7).
-6
Let c(n) = n**2 - 6*n - 6. Let w(p) = -p**2 + 16*p - 10. Let v be w(16). Let t(u) = 2*u + 25. Let q be t(v). Give c(q).
-11
Let i(r) = r**3 - 3*r**2 - 9*r + 7. Let a = -313 + 319. What is i(a)?
61
Let q(l) = l - 7. Let s be 18 + 0/(0 - -3). Let w = s + -23. Let z be 30/12*(-14)/w. Calculate q(z).
0
Let p be 23/7 - (-8)/(-28). Let j(h) = 0*h**3 + 4*h + h**p - 3*h - 7. Give j(0).
-7
Suppose 2*p = 3*u + 3*p - 62, -2*u - 4*p = -58. Let l(b) = -b**3 + u*b**2 + 3 - b - b - 15*b**2. Calculate l(3).
6
Let h(b) = -b - 5. Let z be h(-7). Let g(m) = -1 - 6*m + m**2 - 2*m - z + m. Calculate g(7).
-3
Suppose 0 = 8*h - 4*h - 56. Let m be 8/(-28) + (-80)/h. Let a(i) = 3*i + 3. Let b(n) = 2*n + 4. Let f(w) = -a(w) + b(w). Give f(m).
7
Let s = -1138 - -1131. Let z(b) be the second derivative of -b**3/6 - 9*b**2/2 + 3*b. Determine z(s).
-2
Suppose -38*m = -41*m + 24. Let w(s) = -s**3 + 7*s**2 + 7*s - 10. What is w(m)?
-18
Let x(f) be the third derivative of -f**6/120 + 7*f**5/60 + 5*f**4/12 - 4*f**3/3 - 5*f**2. Let v = 22 - 14. Give x(v).
8
Let w(g) = -96*g + g**2 - 5 - 94*g + 289*g - 95*g. Suppose 0 = 3*x + x + 3*f + 11, 0 = 5*f - 15. Calculate w(x).
0
Let l be 4/(2/6 + 0). Suppose -l - 28 = -4*t. Suppose 4*z = 9*z + t. Let k(m) = 5*m**2 + 3*m. What is k(z)?
14
Let o(v) be the first derivative of v + 32 + 1/2*v**2 - 23/3*v**3. Give o(-1).
-23
Suppose 8*c + 35 = 15*c. Suppose c*b = 5*z + 6*b - 29, -z - b = -5. Let q(p) = p**2 - 5*p - 8. Determine q(z).
-2
Let i = -272 + 269. Let r(s) = 2*s**2 + 7*s - 1. Determine r(i).
-4
Let j(o) = 19*o**2 + o**3 - 94*o**2 - 10 + 21*o**2 + 11*o + 23*o**2 + 22*o**2. Give j(8).
14
Let x(z) = -2*z**3 + z - 1. Let l(u) = -3*u**3 + 7*u**2 - 4. Let v(w) = l(w) - x(w). Give v(7).
-10
Let i(h) = -3*h 